s. Let p(b) = -b**3 + b**2 + 2. What is p(z)?
2
Let a(h) = h**2 - h. Let p(v) = 3*v**2 - 7*v + 3. Let k(r) = -2*a(r) + p(r). Let m(f) = f**3 - 6*f**2 + 6*f + 1. Let j be m(5). Determine k(j).
9
Suppose -8*d + 2*d = 30. Let c(r) = -r**3 - 6*r**2 - 6*r + 2. Give c(d).
7
Suppose -4*j + 2*v = -6, 0*j - j + 3 = v. Let s(u) = -2*u - 1. Determine s(j).
-5
Let o(u) be the first derivative of u**2/2 - 6*u + 5. Let n be o(8). Let z(b) = b**2 - 2*b - 1. Determine z(n).
-1
Let y(l) = -2*l - 1. Let k be (-4)/2 - (0 + -4). Suppose -4*s - 8 = k*f, s = -6*f + 2*f + 12. What is y(s)?
7
Let y(v) = -v**2 + 2*v + 1. Let x be 1 + (-1)/(-2)*-2. Suppose -o - 2*o - 6 = x. Give y(o).
-7
Let n = -4 + 0. Let y(b) = 1. Let t(c) = 2*c - 3. Let d(w) = t(w) + 6*y(w). Calculate d(n).
-5
Suppose -4*u + 2*k - 7*k = -21, 10 = -5*u + k. Let x = -3 + u. Let h(i) be the second derivative of -i**4/12 - i**3 - 3*i**2 - i. Calculate h(x).
2
Let s(i) be the third derivative of -i**7/420 + i**6/180 - i**4/24 + 7*i**3/6 + 6*i**2. Let n(r) be the first derivative of s(r). Determine n(-1).
3
Suppose 7 = 2*a + 3*b - 0*b, -5*b - 30 = -5*a. Suppose 0 = a*z - 2*z - 3. Let v(i) = -z + 0*i**2 + 0*i + i**2 - 6*i. Determine v(5).
-6
Let c(a) = -3*a - 7. Let p(h) = -4*h - 7. Let k(b) = -5*c(b) + 4*p(b). Let d be (-2)/(0 + 1) + 4. Suppose 11 = d*w + 1. Determine k(w).
2
Let a(r) = 2*r**3 - r + 2. Let y(u) = u**3 + 6*u**2 + 6*u + 7. Let m be y(-5). Determine a(m).
16
Let h(u) be the first derivative of u**4/4 - 11*u**3/3 + 11*u**2/2 - 9*u - 13. Calculate h(10).
1
Let z be (-58)/10 + 2/(-10). Let p(u) = -u**2 - 5*u + 2. Calculate p(z).
-4
Let u(c) = -5*c**3 + 2*c**2 - 5*c + 8. Let d(n) = -n**3 - n**2 - n. Let p(g) = 4*d(g) - u(g). Give p(6).
-2
Let v(r) = -16*r + 7*r + 0*r + 5*r. Give v(-2).
8
Let i(d) be the first derivative of d**5/60 - d**4/6 - d**3/2 + d**2 - 1. Let l(h) be the second derivative of i(h). Let m = 8 - 10. What is l(m)?
9
Let c(v) = -2*v**2 - 3*v - 3. Suppose -5*u = 5*j + 30, 3*j + 2 = 3*u + 8. Let l be c(j). Let f(r) = -3 - 2 + 1 - r. Determine f(l).
1
Let u(o) = -o**3 - 8*o**2 + 11*o + 12. Let q be u(-9). Let v(l) = l**2 + 5*l - 1. Calculate v(q).
5
Let x(m) = 39*m. Let q(f) = -4*f. Let y(i) = -42*q(i) - 4*x(i). Calculate y(-1).
-12
Suppose 3*y + 6 = -0. Let w(h) be the third derivative of -h**6/120 - h**5/20 - h**4/12 + 3*h**2. Calculate w(y).
0
Let z(q) = q**3 + 8*q**2 - 10*q - 14. Let c(i) = -i**3 - 8*i**2 + 10*i + 15. Let p(m) = 5*c(m) + 6*z(m). What is p(-9)?
0
Suppose 0 = o - 5. Let p(n) = -o + 2*n - 5*n**3 + 4*n**3 - 4*n**2 + 2*n**3 - 3*n. Calculate p(4).
-9
Let k(y) = y**2 - 5*y - 5. Let s be ((-6)/2)/((-1)/15). Suppose -4*z + 2*i + s = -11, -4*z + 3*i = -54. Let l = z - 10. Give k(l).
-5
Let r(a) = -a + 4. Let s be r(2). Let b(l) = -2*l**2 + s*l + l**2 - 4*l + 3*l. Determine b(3).
-6
Let u(x) = x**3 - 10*x**2 + 9*x + 5. Let z be u(9). Let a(w) = z*w - 2*w + 4*w - 4 + 3. Let q be a(1). Let v(d) = -d + 1. Give v(q).
-5
Let k(u) = -7*u - 8. Let y(i) = 13*i + 17. Let f(m) = 5*k(m) + 3*y(m). Let c(q) = -q - 3. Let s(b) = -22*c(b) - 6*f(b). Give s(4).
-8
Let u(g) be the first derivative of g**4/24 + 5*g**3/6 + g**2 + 6. Let b(p) be the second derivative of u(p). Give b(-5).
0
Let y(h) = h**2 - 2*h - 3. Suppose 3*u = -u + 8. Suppose 4*l = 0, 0 = u*j - 0*l - 5*l + 4. Calculate y(j).
5
Let x(a) = -2*a + 18. Let z be x(7). Let y(n) = -n**2 + 4*n - 1. What is y(z)?
-1
Let k be (-12)/16 + (-6)/(-8). Let q = -1 + k. Let w be -8*(q - 9/(-6)). Let j(g) = g**3 + 3*g**2 - 4*g + 1. Give j(w).
1
Let h(j) = 17*j + 3. Let a(q) = 6*q + 1. Let f(t) = 11*a(t) - 4*h(t). Suppose -11 = 5*u + n, -2*n + 5 = 2*u - u. Let s = u + 1. Give f(s).
3
Let o(j) = 2 - 2 - 7 + 3 - 3*j. Let z(n) = -4*n - 3. Let y(m) = 5*o(m) - 4*z(m). Let b be -1 - (1*-5)/1. Determine y(b).
-4
Suppose 10 = -0*p + 2*p. Let x(i) = 0*i**2 + 4*i + i - i**2 - 3 + p. Determine x(5).
2
Suppose 4*g + 5*z + 12 = 3*g, 0 = -z - 2. Let d(m) be the first derivative of -m**3/3 - 3*m**2/2 - m - 1. Calculate d(g).
1
Suppose 0 = -0*q + 2*q - 4. Let v be 1 - -4 - (0 - 0). Let k(j) = j - v*j + 2 - 1. Determine k(q).
-7
Let k be ((-3)/(-1))/3 + -1. Let s(o) = 4*o - o + k*o + 2. Let p be (-2)/((-3)/((-9)/2)). Calculate s(p).
-7
Let w(u) = -u**3 - 8*u**2 - 6*u + 8. Let c = -41 + 34. Calculate w(c).
1
Let u be (0 + 4/480 - -3) + -3. Let l(r) be the third derivative of 0*r**4 + 1/60*r**5 + 0*r + 1/2*r**3 - u*r**6 + 0 + 4*r**2. Calculate l(0).
3
Let h(g) = 2*g - 6. Let z be 1/(0 + -1)*-4. Give h(z).
2
Suppose -4*y = 4*l - 36, -4*y + l = -y - 15. Let r(o) = -o + 9. Let c be r(y). Let z(s) be the second derivative of s**4/6 - 5*s**3/6 + 2*s**2 - 4*s. Give z(c).
7
Let j = 141 - 145. Let g(n) = 6*n - 2*n**2 + 9 - 3 + 4*n**2 + 0. Give g(j).
14
Let x(u) be the first derivative of -u**2/2 - 4*u + 1. Give x(-3).
-1
Let p = -10 - -14. Let f(d) = d + 4. What is f(p)?
8
Let o(z) = 1 + 0*z + 5 - z + 2*z. What is o(-4)?
2
Let l(i) = i**2 - 6*i - 8. Let n(b) = -b - 1. Let d(v) = l(v) - 5*n(v). Calculate d(-3).
9
Let u(x) = x**3 - x**2. Let w(m) = -4*m**3 + 11*m**2 - 7*m - 2. Let o(s) = 3*u(s) + w(s). Determine o(7).
-2
Let q(y) = y - 1. Let i(a) = -a**2 + a + 5. Let u(b) = i(b) + 4*q(b). Let z = 5 - -1. What is u(z)?
-5
Let l(h) be the second derivative of -h**4/12 - h**3/3 - h**2/2 - h. Let g(y) be the first derivative of l(y). Let o = 0 - 5. Give g(o).
8
Let j(p) = p**2 + 4*p + 2. Let v be j(-2). Let t(m) = m - m + 1 + 3*m. Give t(v).
-5
Let p(o) = o**3 - 5*o**2 - 6*o - 1. Suppose 0 = -5*g + 36 - 6. Determine p(g).
-1
Suppose 9*p + 24 = -3*p. Let n(u) = u**2 - 2. What is n(p)?
2
Let j(r) = -r**2 + 6. Let x(b) = 2*b**2 + 4*b + 2. Let n be x(-2). Let m(a) = a**2 - 2*a. Let i be m(n). Determine j(i).
6
Let s(z) = -z**3 - 7*z**2 - 3*z + 8. Let y = -11 - -5. Determine s(y).
-10
Let p = -11 + 12. Let v(l) = -8 + l + 1 - 2*l + p. Give v(-5).
-1
Let w(x) = -x**2 - 4*x + 3. Let o(p) = -3*p + 3. Let r(k) = 4*o(k) - 3*w(k). Let g(m) be the first derivative of r(m). Determine g(1).
6
Let q(o) = 2*o**2 - o - 5. Let v(u) = u**2 - 1. Let y(s) = -q(s) + 3*v(s). Let c be 46/(-23) + (-2 + 4 - 0). What is y(c)?
2
Let c be (0 - -1)*30/2. Suppose 0 = -s + 4*s - c. Suppose 4*l + l = 5*v - 25, v + 19 = -s*l. Let w(h) = -2*h. Calculate w(v).
-2
Suppose -3*k - k = 4. Let j(w) = -8*w**3 + 1. Let s(t) = -8*t**3 - t**2 - t + 1. Let n(v) = 3*j(v) - 2*s(v). What is n(k)?
9
Let c(l) = 9*l**3 + 2*l**2 - l. Suppose -4*n + 0 = -4. Calculate c(n).
10
Let p be (6/4)/(10/(-20)). Let s(k) = -k**3 - 5*k**2 - 5*k - 4. Determine s(p).
-7
Let d(f) = 2*f - 15. Let t(s) = -s + 7. Let x(j) = -4*d(j) - 9*t(j). Suppose 0 = 5*y, 0 = -5*i + i + 2*y - 24. Give x(i).
-9
Let p(f) be the first derivative of f**4/2 - 1. Let s = -2 + 4. Let b = 3 - s. Determine p(b).
2
Let y = -7 - 0. Let m = y - -10. Let w(a) = -a**2 + 3*a - 3. What is w(m)?
-3
Let v(c) = 9*c - 7. Let q(j) = 5*j - 4. Let w(l) = -11*q(l) + 6*v(l). Let d be w(-2). Let o(n) = -4 + 5*n**2 + 3*n - 4*n**3 + 3*n**3 - 2*n**2. Calculate o(d).
-8
Let q be (-3)/(-1 + 0)*6. Suppose -a + 2*l - 7 = 1, 3*a + q = 4*l. Let p(z) = -3*z - 2. Give p(a).
4
Let a(m) = -5*m + 10. Let g(z) = -9*z + 19. Let u(f) = -11*a(f) + 6*g(f). Let l be u(0). Let h(k) = 2*k**2 + l*k**2 + 1 - k**3 - k**2. What is h(5)?
1
Let b(m) = -2*m - 7. Let h be b(-3). Let u(n) = -2*n**3 + 2*n**2 - 1. Give u(h).
3
Let d be (-38)/10 - 5/25. Let y = -8 - d. Let h(n) be the second derivative of n**5/20 + 5*n**4/12 + n**3 + n**2/2 + 8*n. Calculate h(y).
-7
Let p be (-5)/(-2)*2*1. Suppose -2*i = -0*o - 5*o + 4, p*o + 3*i = -6. Let g(t) = t**3 - t**2 - t - 3. Calculate g(o).
-3
Let k(y) be the first derivative of -y**3/3 - y**2 + 4*y + 1. Suppose 15 = 56*a - 61*a. What is k(a)?
1
Let n(c) = -c**2 - 2*c + 4. Let b = -65 - -68. Calculate n(b).
-11
Let f = -196 + 202. Let c(z) = -3*z**3 + 7*z**2 + 8*z - 3. Let q(r) = 7*r**3 - 15*r**2 - 16*r + 5. Let v(w) = 5*c(w) + 2*q(w). What is v(f)?
7
Let r = -4 + 6. Let f(k) = -k**2 - 5 + 0 + 5*k + r*k. Let l be (8/10)/(1/5). What is f(l)?
7
Let k(d) = 31*d**3 - 64*d**3 - 3 - 7*d**2 + 32*d**3. Calculate k(-7).
-3
Let l = -29 - -24. Let q(y) = y**2 + 4*y - 7. Determine q(l).
-2
Let p(q) be the third derivative of -q**5/10 + q**3/6 - 6*q**2. Suppose 3*m - 4 = 7*m. Det